8*q - 360 = -192*q. Let s(c) = c**2 + 5*c + 16. Let l be s(-7). What is the greatest common factor of q and l?
15
Suppose -4*g + 4*m + 3192 = 0, m - 3217 = -3*g - g. What is the greatest common divisor of 55 and g?
11
Let t be -140*54*13/(-130). What is the greatest common divisor of t and 729?
27
Suppose -123 = -u - j, -5*j + 739 = 4*u + 250. Calculate the highest common divisor of u and 98.
14
Let x(s) = s**3 + 4*s**2 - 6*s - 3. Let r be x(-4). Let y(m) = 6*m**2 + 192*m + 1449. Let t be y(-11). What is the highest common divisor of r and t?
21
Suppose -307 + 3009 = 19*h - 395. What is the highest common factor of 1 and h?
1
Let x be (-6091602)/(-594) + 40/(-99) + 6/33. Calculate the highest common factor of 35 and x.
35
Suppose 0 = -c + 4*c + c. Let i be (c - (-4)/(-4))*5 - -98. What is the greatest common factor of 403 and i?
31
Let m(p) = 107*p + 122. Let d be m(-1). Let s(q) = q**3 + 15*q**2 - 5*q + 7. Let g be s(-8). What is the greatest common divisor of d and g?
15
Let u = 14 - -85. Let y(n) = 8*n**3 - 9*n**2 + 2*n - 3. Let v be y(4). Suppose -63*b + 320 = -v. What is the greatest common factor of u and b?
11
Let x be (7794/(-10))/((-21)/105). What is the greatest common divisor of x and 9?
9
Suppose 0 = 5*j + 2*a - 61, -j + 12*a + 26 = 17*a. Let m = -13 + 6. Let h(i) = i + 8. Let g be h(m). Calculate the greatest common factor of j and g.
1
Let m(n) = -n**3 - 36*n**2 - 75*n - 175. Let i be m(-34). Calculate the greatest common factor of 2709 and i.
63
Suppose 25*g + 68*g = 25*g + 973012. Calculate the greatest common divisor of g and 41.
41
Suppose -3*h - 6*h + 289 = 217. What is the greatest common factor of h and 4156?
4
Let c = 28335 - 28295. What is the highest common factor of c and 5?
5
Suppose 7*d + 20*a - 6020 = 24*a, 2*d = -5*a + 1763. What is the greatest common factor of d and 594?
54
Let j be 10/((-3)/(-96)*1). Let s(c) = -11*c + 10. Let y be s(1). Let o be (4 - y)/((-11)/(-88)). What is the greatest common factor of o and j?
40
Let a(v) = -178*v - 666. Let s be a(-5). Calculate the highest common divisor of s and 316.
4
Suppose -2732 = -w - 5*k, -60*k = -64*k - 16. What is the greatest common factor of 43 and w?
43
Let l be 1666 + 0*(-4)/12. Suppose -59*x + 114*x - 882 = 46*x. What is the highest common factor of x and l?
98
Suppose 0 = 3*i + 3*q - 1260, 216 = 3*i - 2*q - 1069. Let t = 431 - i. Suppose 5*h + 26 = 146. What is the highest common divisor of h and t?
6
Let c(r) = 6*r + 231. Let m be c(20). What is the highest common divisor of m and 975?
39
Suppose 0 = 3*u + 25*u - 385 - 343. Calculate the highest common divisor of 3887 and u.
13
Let t = -3868 - -4201. Calculate the highest common divisor of 9 and t.
9
Let b = -4249 - -4326. Calculate the greatest common divisor of 7777 and b.
77
Suppose 2*g - 432 = -5*r, 2*g + 48*r - 45*r - 416 = 0. What is the highest common divisor of g and 8183?
49
Let b be 4*(-2 - 39)*-10. Suppose 3*t - 2*a = 1610, 0*t + 4*a - b = -3*t. Calculate the greatest common divisor of 60 and t.
60
Suppose -6*x - 173 - 373 = 0. Let f be 0 + 3 - (2 + x). Let n = -1492 - -1515. What is the greatest common divisor of f and n?
23
Suppose 114*g - 16063 - 1438 = -2681. Calculate the greatest common factor of g and 16640.
130
Let x be (-20*13/104)/((-5)/4). Let a be (-224)/(-48)*(-3)/(-2). What is the highest common factor of a and x?
1
Let a be (4 + -1)/(1/13) - (431 - 431). Let x be 26/(-6) - (-2)/(-3). Let p(q) = -85*q + 4. Let z be p(x). Calculate the highest common divisor of z and a.
39
Let x(y) = -1107*y. Let k be x(-1). Suppose -1544*l + 1541*l + r + 116 = 0, 4*r - 28 = 0. Calculate the highest common divisor of l and k.
41
Let a(z) = z - 6. Suppose 3 = 5*x - 37. Let v be a(x). Suppose -v*b - 7 + 53 = f, 3*b - 150 = -3*f. Calculate the greatest common divisor of f and 27.
27
Let h be 24 - 7714/323 - ((-6928)/(-17))/(-4). What is the highest common divisor of 1054 and h?
34
Suppose -33 = 3*s - f - 319, 0 = -3*s + 4*f + 289. Let p be (-7436)/(-130) - (-2)/(-10). What is the greatest common factor of p and s?
19
Let x = 5453 + -5398. Calculate the greatest common divisor of x and 11385.
55
Let d be ((-3)/((-27)/(-22260)))/((-24)/36). What is the highest common divisor of 2 and d?
2
Suppose 0 = -92*y + 25*y + 43416. Calculate the greatest common divisor of y and 891.
81
Suppose -7035 + 4656 = 29*w - 77750. What is the highest common factor of 565 and w?
113
Let z = 36 - 361. Let d = z + 348. What is the greatest common divisor of 437 and d?
23
Suppose 0 = m - c - 12, -5*m - 1 = 5*c - 11. Suppose 2*n + 3*s = 0, -n - 10*s - 6 = -m*s. What is the greatest common divisor of 192 and n?
6
Let i(y) = -3*y**2 - 6*y. Let c be i(-5). Let s = -40 - c. Suppose 7*f - 80 = 5*f. Calculate the greatest common factor of s and f.
5
Suppose 15945 = 50*v + 31*v + 5577. Let x(j) = 2*j**2 - 6*j - 8. Let c be x(7). Calculate the highest common factor of v and c.
16
Suppose 2*y = o + 3*y + 64, 3*o + 224 = 5*y. Let b = -67 - o. Let k = -5 - -8. What is the highest common factor of k and b?
1
Let t(u) = 37*u**2 + 6*u + 7. Let o be t(-2). Let i = -78 + o. Calculate the highest common divisor of i and 5.
5
Let r(k) be the first derivative of k**4 - k**2 + k - 36. Let q be r(2). Suppose -19 - q = -6*z. What is the greatest common factor of 32 and z?
8
Suppose 3 = -2*c + 3*j, -c + 3 - 9 = -3*j. Suppose 0*p - p = c. Let x be (24/10 + p)*(-62 - 3). What is the greatest common factor of 273 and x?
39
Suppose -6*m + 55 = -m. Let f = 34 + -32. Let k be f*(-55)/(-10)*8. What is the greatest common factor of k and m?
11
Suppose 0 = 24*i + 495 - 1047. What is the greatest common factor of i and 24426?
23
Suppose 0 = 101*l - 73*l - 19040. Calculate the highest common divisor of 440 and l.
40
Let o = -69992 + 70003. Suppose 0 = 2*h - 290 - 612. Calculate the highest common factor of o and h.
11
Let h be (-25)/((1/244)/(21/(-84))). What is the highest common factor of 100 and h?
25
Suppose 4*v + 1496 = 6*x, 24*v - 26*v - 10 = 0. What is the greatest common divisor of x and 9922?
82
Let r be (((-779)/(-38))/(-41))/(1/(-82)). Let d = -334 + 867. What is the greatest common divisor of r and d?
41
Suppose 3*s - 381 = -d - 365, 0 = -3*d + 4*s + 61. What is the greatest common divisor of 30191 and d?
19
Let u = -3285 + 3350. Calculate the greatest common factor of 210 and u.
5
Suppose -5*b - 5*v = -435, 2*b + 465 = 7*b - 5*v. Let x = -1508 - -1518. What is the highest common divisor of x and b?
10
Let r(f) = 14*f**2 - 6*f**2 + 1 + 7*f + 9 - 7*f**2. Let o be r(-6). Suppose -252 = -o*p + 2*p. Calculate the highest common factor of p and 6.
6
Suppose 6 = 369*k - 363*k. Let w be (-5139)/(-36) + k/4. What is the greatest common factor of 52 and w?
13
Suppose -294 = 5*s - 6*s. Suppose 1598*c - 336 = 1586*c. What is the greatest common divisor of c and s?
14
Let f = 750 + -450. Suppose -5*d - f = 65. Let y = 2 - d. Calculate the highest common factor of y and 45.
15
Suppose 88 = 2*o + 4*f, o - 210 = -4*o - 5*f. Suppose 4*j - 38 = 4*r + 14, -5*r + 31 = j. What is the greatest common divisor of o and j?
8
Let v(t) be the first derivative of -t**4/2 + 17*t**3/3 + 14*t**2 - 26*t + 140. Let y be v(9). What is the greatest common factor of 348 and y?
29
Suppose 3 = -g, 0 = 2*b - g - 22656 + 1701. Calculate the greatest common factor of b and 81.
27
Suppose -3*i + l + 75 + 437 = 0, 2*i = 5*l + 337. Suppose 2*v + v - 78 = 0. Suppose q + 7 = v. Calculate the highest common divisor of i and q.
19
Let h(x) = 18*x**2 - 231*x - 20. Let r be h(13). Calculate the highest common divisor of r and 8018.
19
Let s = -1185 - -1880. Let n = s + -660. What is the greatest common factor of n and 55?
5
Suppose m = 381 - 681. Let s = m + 348. What is the highest common factor of s and 1104?
48
Suppose 28878 + 17702 = 20*p. What is the greatest common factor of 17 and p?
17
Let i = 113 + -50. Suppose 2*a + 111 = -5*j + 221, 2*j - 4*a + 4 = 0. What is the greatest common divisor of j and i?
9
Let n(b) be the first derivative of 9*b**2/2 - 13*b - 15. Let a be n(4). Suppose -s = -40 - a. What is the greatest common divisor of s and 21?
21
Suppose -5*a = -16 - 4, 3*n - 169 = -4*a. Suppose -4*l - 5*w + 1010 = 0, -4*w + 153 + 859 = 4*l. What is the greatest common divisor of n a